Let w = -4 + g. What is the units digit of w?
9
Suppose -3*f = -2*v + 6*v - 158, 0 = -5*f + 10. Let h be v/(-4) + 1/(-2). Let b(d) = -d**3 - 9*d**2 + 9*d - 3. What is the units digit of b(h)?
7
Suppose -5*b + 28 = -z, 5*b + 108 + 29 = -4*z. Let g be 158/(-5) + (-4)/10. Let m = g - z. What is the units digit of m?
1
Suppose -2*b = b - 6. Let r(v) = -v + 23*v**2 - 1 + 18*v**b + 0*v**2. What is the tens digit of r(-1)?
4
What is the units digit of 132/(-99) + 8677/3?
1
Let k(b) = -b**3 - 9*b**2 - 10*b + 11. Let y be k(-8). Let u = y + -44. Let n = u - -31. What is the tens digit of n?
1
Let p = -59 + 201. Suppose -507 = -5*c - p. Suppose 359 = 6*f - c. What is the units digit of f?
2
Let c(u) = 13 - 3 - 2*u - 3*u. Suppose 3*q + 12 = -0. What is the tens digit of c(q)?
3
Suppose 0 = -4*b + z + 9047, 15*b + 2243 = 16*b - 4*z. What is the thousands digit of b?
2
Let j(a) = 246*a**2 + 8*a - 19. What is the units digit of j(2)?
1
Suppose -3*n - 3 = 0, 3*n - 7*n = -2*o + 4. Suppose -3*j = 3, 1 = 2*l - o*j + 5*j. Suppose 0 = w - l. What is the units digit of w?
3
Suppose 15*o + 6438 = 31773. What is the tens digit of o?
8
Let v(x) = 2*x**3 - 3*x**2 + x + 15. What is the units digit of v(7)?
1
Let g = -298 + 851. What is the tens digit of g?
5
Suppose g - 54 = -5*d, 3*g + 0*g + 28 = 4*d. Let s = d + -5. Suppose 0 = -2*a + 4*v + 51 - 11, -s*v + 20 = 0. What is the tens digit of a?
2
Let p = 491 + -453. What is the units digit of p?
8
Let m(y) = 2*y**3 + 5*y**2 + 2*y. Let w be m(4). Suppose -2*c + 446 = -3*i, c + 3*i = 8*i + w. What is the units digit of c?
6
Suppose -3*d + w + 30 = -3*w, -2*d = -2*w - 18. Let q = d + 0. What is the units digit of (q/9)/(2/21)?
7
Let q = -26 + 37. Let d = q - 11. Suppose 0 = 2*s - 5*h - 29, -3*s - 2*s - 4*h + 89 = d. What is the units digit of s?
7
Suppose y - 1612 = -30*h + 35*h, y - 1624 = -h. What is the hundreds digit of y?
6
Let j(v) = v**3 - 2*v**2 - 9*v + 14. Let c be j(4). What is the tens digit of 3/15 - (-558)/c?
5
Let b(i) = i**3 - 11*i**2 + 11*i - 8. Let y be b(10). Suppose y*u = -u + 42. What is the units digit of u?
4
Let i = 2 - -4. Let t = i + -2. Let u = -1 + t. What is the units digit of u?
3
Let x(p) = 142*p**2 + 3*p + 3. Let k be x(2). Suppose -2*m - j = 2*m - k, 3*j + 429 = 3*m. What is the hundreds digit of m?
1
Let o = 2051 - 719. What is the hundreds digit of o?
3
Suppose 0*t - 15 = 3*t. What is the tens digit of ((-20)/t)/2 - -44?
4
Let y be (12/9 + 0)*-186. What is the units digit of 1/((-12)/y) + 2/(-3)?
0
Let g(j) = j + 12 - 10*j**2 + 8*j + j**3 - 20*j. What is the tens digit of g(11)?
1
Let l(r) = -10*r + 2. Let v = -25 - -24. What is the units digit of l(v)?
2
Let n = 3033 + -1741. What is the thousands digit of n?
1
Let w(q) = -2115*q - 44. What is the hundreds digit of w(-1)?
0
Let a be (-2)/(-6)*(-186)/4*-2. Suppose -21 = 4*h + 3*t, -25 = -3*t - 2*t. Let y = h + a. What is the tens digit of y?
2
Suppose -5*d = -3*g - 10, -3*g = -d + g + 2. Suppose 211 = d*w + 4*l + 45, 0 = w - 2*l - 67. What is the units digit of 1 - w/((-3)/1)?
6
Suppose 2*q + 5 = 3. Let y(p) = -1. Let h(r) = -10*r - 9. Let v(u) = 2*h(u) - 18*y(u). What is the units digit of v(q)?
0
Suppose 5*u - 5*x = -35, 3*u + 14 = 2*x - 2. Let p = u - -3. What is the tens digit of (-25)/10*(-25 + p)?
6
Suppose -2*f - 53 = 5*s, 2*s - 4*s - 25 = f. Let w = f + 13. What is the units digit of 1 + (3 - 2) - w?
8
Let v(c) = 10*c**2 + 4*c - 7. Let r be 12 - 3 - (7 - 2). What is the tens digit of v(r)?
6
Let d = -19 + 19. Let s be 1 + 0 - (-51 - d). Suppose -2 = -2*k + s. What is the units digit of k?
7
Suppose -5*t = 4 + 41. Let b = 28 - t. What is the units digit of b?
7
Suppose 16291 = 11*x + 924. What is the tens digit of x?
9
Let b be 5 - (0 - -3 - 3). Let a = -21 + b. Let z = a - -21. What is the units digit of z?
5
Suppose 5*w + 330 = -445. Let d = w + 297. What is the units digit of d?
2
Let s(t) = -7*t**2 - 6*t + 3. Let u be s(-4). Let h = 163 + u. What is the units digit of h?
8
Let a(j) = -4*j**3 - 18*j**2 - 15*j + 37. What is the units digit of a(-11)?
8
What is the units digit of -3*2*(-9)/((-135)/(-2390))?
6
Let c(v) = 23*v - 27. Let n be c(18). Suppose -199 = 2*f - n. What is the units digit of f?
4
Suppose 6*h = -5790 + 14082. What is the hundreds digit of h?
3
Let g(d) = -d**2 - 9*d - 3. Let c be g(-8). Suppose -4*p + c*p = 4. Suppose 3*u = -p*l + 107, 5*l - 132 = -u - u. What is the units digit of l?
6
Suppose -5*u = 4*f + 235, -7*u - 230 = -2*u + 3*f. Let p be (-4 - (-186)/45) + 26/30. Let x = p - u. What is the units digit of x?
4
Suppose -8*m = -2449 + 105. What is the hundreds digit of m?
2
Let h = -69 + 71. Suppose -s = 2*t - 241, h*t + 8 - 255 = -3*s. What is the tens digit of t?
1
Let q be 6/(-9)*18 - 0. What is the tens digit of -1*(-21 - 0) + q/4?
1
Let p(l) = 8*l + 16. Let c be p(10). Let x = c - -5. What is the hundreds digit of x?
1
Suppose 496 = 4*d - 4*m, 3*m = 4*d - 437 - 55. Suppose -7*r = -r - d. Let w = r - 19. What is the units digit of w?
1
Let z be 2 - 0*(-2)/(-6). Suppose 2*j + 5*a = -14, -z*j + 4*j - 18 = 3*a. Suppose j*x - 32 = -x. What is the units digit of x?
8
Let h = -221 + -32. Let j = -8 - h. What is the tens digit of j?
4
Let a = 2556 + -1449. What is the tens digit of a?
0
Suppose -4*u + 3 = 2*a - 1, 3*u + 5*a - 10 = 0. Suppose u = 4*f - 3*d - 326, -4*f + 251 = -f + d. What is the tens digit of f?
8
Suppose 0*y - 6 = -y. Suppose -2*c + f - 10 = 0, y = 4*c + 5*f - 2. What is the units digit of (-2)/3*c/1?
2
Let v(l) = 2*l**2 + 93*l + 628. What is the hundreds digit of v(-59)?
1
Let n(r) = r**2 - 10*r + 12. Let x be n(9). Suppose x*k = 48 + 33. What is the tens digit of k?
2
Let t = 16 + -53. Let l = 41 - t. What is the tens digit of l?
7
Let x = -6327 + 9123. What is the units digit of x?
6
What is the units digit of -4 - ((-28)/6)/((-26)/(-234))?
8
Suppose b = -b + 8, 3*q - 5*b = -8. What is the units digit of ((-64)/(-24))/(q/30)?
0
Let z be (-6)/(-9) - (-3)/9. Let u(d) = -14*d - 6 + 0 + d**2 + 7 + z. What is the units digit of u(14)?
2
Suppose -4*w + 264 = -w. Let l be w/12 + (-1)/3. Suppose -130 = -l*b + 2*b. What is the units digit of b?
6
Let k = 287 + -113. Suppose 3*d - k = 3*w, 5*d = -7*w + 3*w + 317. What is the units digit of d?
1
What is the hundreds digit of (-9)/((-17450)/2180 + 8)?
9
Let n be -814*(-5)/10*1. Suppose 2*t - n = -5*z + 6*t, -4*t = -z + 75. What is the units digit of z?
3
Let x = -47 - -38. What is the units digit of 2/((x/50)/(-9))?
0
Let d(s) = 5*s**3 + s**2 + 3. Let o(w) = -4*w**3 - w**2 - 2. Let k(l) = 3*d(l) + 4*o(l). Suppose -65*z + 15 = -70*z. What is the tens digit of k(z)?
1
Let a be (-18)/(-8) - (-75)/100. Suppose -2*c = -2*f - 348, 0*c + 158 = c + a*f. What is the units digit of c?
0
Let d(x) = -7*x**2 - 21*x + 12. Let l(n) = 8*n**2 + 21*n - 13. Let k(v) = -7*d(v) - 6*l(v). What is the tens digit of k(-22)?
1
Let y = 78 - 148. Let l = y - -116. What is the units digit of l?
6
Let a(j) = 65*j**2 + 22*j - 1. What is the tens digit of a(-3)?
1
Let k(w) = 10 - 14 - 15 - w**3 - 18*w**2 + 0*w**3 - 23*w. What is the tens digit of k(-17)?
8
Let r be 34/((-2)/(-28) + (-15)/(-35)). Suppose r = 5*g - 2. What is the units digit of g?
4
Let q be (-4 + 12)*(-3)/4. Let z(r) = r - 1. Let i(s) = 9*s - 10. Let b(o) = q*z(o) + i(o). What is the tens digit of b(6)?
1
Suppose 478 - 6478 = -3*g. What is the tens digit of g?
0
Let p(u) = u**3 - 24*u**2 - 14*u + 6. What is the hundreds digit of p(25)?
2
Suppose -n + 28 = 5*i, 4*n - 2*i + i - 7 = 0. Suppose -n*d - 4*c + 58 = -32, -d + c + 23 = 0. Let l = 45 - d. What is the units digit of l?
9
Suppose 2*q + 2020 - 176 = 4*m, 3*q = -4*m + 1824. What is the tens digit of m?
5
Let m = -416 + 751. Let x = m + -63. What is the tens digit of (-1)/(-7) - x/(-7)?
3
Let h = 45 - 42. Suppose -7 + 3 = w, 4*c = -h*w + 320. What is the tens digit of c?
8
Let m = -22 - -19. Let l(z) = -2*z**3 + 3*z**2 + 3*z + 7. What is the units digit of l(m)?
9
Suppose q - 28496 = 3*s, 6*q = -s + 3*q - 9502. What is the tens digit of s/(-28) + (0 - (-1)/(-4))?
3
Let b(k) be the second derivative of 25*k**3/6 + 32*k**2 - 25*k. What is the hundreds digit of b(7)?
2
Let s(j) = -34*j**3 - 2*j**2 - j. Let g be s(-1). Let a(t) = -19*t. Let r be a(-2). Suppose -